 of 631?
False
Is 19565179 a multiple of 527?
False
Does 651 divide 2270037?
True
Is 7 a factor of 385169?
False
Is 12 a factor of 753060?
True
Is 1237426 a multiple of 116?
False
Is 25 a factor of 1282645?
False
Is 41232 a multiple of 48?
True
Does 197 divide 319928?
True
Is 190 a factor of 181993?
False
Does 600 divide 7361400?
True
Does 916 divide 7194285?
False
Is 5975692 a multiple of 57?
False
Does 22 divide 35398?
True
Is 88702 a multiple of 9?
False
Does 17 divide 27587?
False
Does 175 divide 427875?
True
Does 73 divide 7662575?
False
Is 12005022 a multiple of 94?
True
Does 11 divide 264083?
False
Is 15480 a multiple of 114?
False
Is 6248 a multiple of 284?
True
Does 2681 divide 25562322?
False
Is 249063 a multiple of 8?
False
Is 155140 a multiple of 4?
True
Is 76 a factor of 1071147?
False
Is 1659522 a multiple of 9?
False
Does 54 divide 9122128?
False
Does 244 divide 98709?
False
Does 75 divide 106050?
True
Does 9 divide 1600407?
True
Is 138 a factor of 1440610?
False
Is 41246 a multiple of 82?
True
Is 22 a factor of 1801558?
True
Does 79 divide 802956?
True
Is 33 a factor of 3367056?
True
Is 1670168 a multiple of 26?
False
Is 13086564 a multiple of 11?
False
Is 442 a factor of 723554?
True
Is 101 a factor of 60802?
True
Is 90308 a multiple of 123?
False
Does 203 divide 1525127?
False
Is 20874449 a multiple of 86?
False
Is 21 a factor of 30630?
False
Does 695 divide 7293330?
True
Is 612 a factor of 76500?
True
Is 2767 a multiple of 2?
False
Does 305 divide 1986066?
False
Does 6 divide 24660?
True
Is 7 a factor of 144208?
False
Does 71 divide 3361992?
True
Is 28 a factor of 56028?
True
Is 49 a factor of 7555409?
False
Is 440 a factor of 17516618?
False
Is 285 a factor of 934199?
False
Does 24 divide 408555?
False
Is 3426852 a multiple of 7?
False
Is 251304 a multiple of 74?
True
Is 141 a factor of 98596?
False
Is 8227844 a multiple of 783?
False
Is 308 a factor of 426580?
True
Is 213 a factor of 693315?
True
Is 451 a factor of 81180?
True
Is 62 a factor of 592286?
True
Is 807162 a multiple of 8?
False
Is 159 a factor of 18707?
False
Is 7 a factor of 2867022?
False
Does 149 divide 31886?
True
Does 1020 divide 11208981?
False
Is 587217 even?
False
Is 63 a factor of 6650910?
True
Does 8 divide 579944?
True
Is 9 a factor of 529317?
True
Is 592975 a multiple of 27?
False
Does 303 divide 785356?
False
Does 4 divide 72216?
True
Is 97244 a multiple of 7?
True
Is 1189 a factor of 4859443?
True
Is 47 a factor of 200737?
True
Is 7619586 a multiple of 13?
True
Does 142 divide 289750?
False
Is 4721 a multiple of 32?
False
Is 23 a factor of 191498?
True
Is 66 a factor of 325578?
True
Is 1006944 a multiple of 544?
True
Is 13096 a multiple of 2?
True
Is 31 a factor of 566122?
True
Does 356 divide 3161242?
False
Does 88 divide 15096429?
False
Is 15 a factor of 251107?
False
Is 20079 a multiple of 69?
True
Does 8 divide 34735?
False
Does 7 divide 392001?
False
Is 1058 a factor of 10312326?
True
Is 56 a factor of 422593?
False
Is 4 a factor of 23649?
False
Is 4343602 a multiple of 34?
True
Is 22 a factor of 24014848?
True
Is 170503 a multiple of 51?
False
Does 25 divide 10107?
False
Is 311676 a multiple of 12?
True
Is 52 a factor of 21801?
False
Is 5765785 a multiple of 15?
False
Is 10179 a multiple of 118?
False
Does 102 divide 772934?
False
Is 11 a factor of 1623319?
False
Is 8545027 a multiple of 21?
False
Does 115 divide 221969?
False
Does 35 divide 2306206?
False
Does 466 divide 5221780?
False
Is 48 a factor of 6993072?
True
Does 48 divide 7525339?
False
Does 530 divide 54060?
True
Does 360 divide 12255?
False
Is 360231 a multiple of 66?
False
Is 2399621 a multiple of 21?
False
Is 2 a factor of 120427?
False
Is 2031049 a multiple of 9?
False
Does 48 divide 1134624?
True
Is 243 a factor of 29259?
False
Is 302 a factor of 791592?
False
Is 1914624 a multiple of 432?
True
Is 139 a factor of 767558?
True
Is 147 a factor of 2895115?
False
Is 524 a factor of 155628?
True
Is 1152225 a multiple of 405?
True
Is 256856 a multiple of 157?
False
Does 46 divide 10093274?
True
Does 29 divide 2650890?
True
Does 6 divide 162870?
True
Is 9 a factor of 502983?
True
Is 25650 a multiple of 38?
True
Is 1055875 a multiple of 25?
True
Is 48 a factor of 7884000?
True
Is 52 a factor of 14300?
True
Does 37 divide 13124?
False
Is 4232967 a multiple of 3?
True
Does 457 divide 131985?
False
Does 176 divide 1466687?
False
Does 26 divide 1175590?
True
Is 4188095 a multiple of 470?
False
Is 288408 a multiple of 13?
False
Is 1554108 a multiple of 11?
False
Is 338292 a multiple of 18?
True
Does 16 divide 119682?
False
Is 6 a factor of 604870?
False
Does 33 divide 11641878?
False
Does 68 divide 675356?
False
Is 260 a multiple of 20?
True
Is 42 a factor of 325479?
False
Is 3510964 a multiple of 499?
True
Does 36 divide 37973?
False
Is 22027900 a multiple of 1784?
False
Is 48 a factor of 2116416?
True
Is 265 a factor of 289949?
False
Is 390 a factor of 5072340?
True
Does 18 divide 346933?
False
Is 70 a factor of 82205?
False
Is 773764 a multiple of 293?
False
Is 207226 a multiple of 143?
False
Is 288 a factor of 238752?
True
Is 2187200 a multiple of 100?
True
Is 41 a factor of 23282538?
False
Is 1362784 a multiple of 1151?
True
Does 10 divide 7308423?
False
Does 328 divide 1991381?
False
Is 4 a factor of 79691?
False
Does 10 divide 24680?
True
Does 518 divide 9233562?
False
Does 141 divide 2854341?
False
Does 166 divide 1256060?
False
Is 919632 a multiple of 714?
True
Is 15399 even?
False
Does 184 divide 39008?
True
Is 18524 a multiple of 44?
True
Does 82 divide 1722?
True
Is 6594 a multiple of 314?
True
Does 3 divide 298551?
True
Is 59 a factor of 279483?
True
Is 5444285 a multiple of 35?
True
Is 7 a factor of 57577?
False
Is 132 a factor of 2095761?
False
Is 136680 a multiple of 102?
True
Does 467 divide 239104?
True
Is 6469304 a multiple of 524?
True
Is 298144 a multiple of 352?
True
Is 55767 a multiple of 65?
False
Does 4 divide 141095?
False
Is 131 a factor of 730194?
True
Is 178936 a multiple of 76?
False
Is 15 a factor of 537135?
True
Is 362 a factor of 220458?
True
Does 6 divide 182610?
True
Is 1456148 a multiple of 116?
True
Is 18 a factor of 1337670?
True
Is 26619 a multiple of 51?
False
Does 178 divide 1527426?
False
Is 75 a factor of 516564?
False
Is 755 a factor of 855111?
False
Does 95 divide 333925?
True
Is 20461 a multiple of 4?
False
Is 2916067 a multiple of 7?
True
Is 79 a factor of 3254036?
False
Does 14 divide 179298?
True
Is 226 a factor of 283178?
True
Does 228 divide 172220?
False
Is 93 a factor of 766692?
True
Is 865948 a multiple of 148?
True
Is 13234973 a multiple of 73?
True
Does 24 divide 15716?
False
Is 635390 a multiple of 10?
True
Does 26 divide 51740?
True
Is 14 a factor of 1019561?
False
Does 3 divide 252043?
False
Does 90 divide 984188?
False
Is 491 a factor of 5635698?
True
Does 6 divide 24645?
False
Does 27 divide 26139?
False
Is 89 a factor of 199627?
True
Is 18 a factor of 105750?
True
Is 534867 a multiple of 68?
False
Does 7 divide 16042?
False
Is 160 a factor of 384320?
True
Is 1977650 a multiple of 370?
True
Does 34 divide 262378?
True
Is 50281 a multiple of 166?
False
Does 11 divide 66672?
False
Does 404 divide 153924?
True
Is 22 a factor of 1448414?
True
Is 277123 a multiple of 14?
False
Is 700 a factor of 3287200?
True
Is 5581233 a multiple of 783?
False
Is 112355 a multiple of 49?
False
Is 156114 a multiple of 189?
True
Is 51515 a multiple of 6?
False
Is 1689434 a multiple of 283?
False
Does 1113 divide 4326231?
True
Is 37359 a multiple of 7?
True
Is 648 a factor of 2646432?
True
Does 385 divide 2484116?
False
Does 83 divide 233962?
False
Does 12 divide 236445?
False
Is 351 a factor of 139347?
True
Is 166 a factor of 3369384?
False
Does 11 divide 66594?
True
Is 1752594 a multiple of 6?
True
Does 61 divide 107462?
False
Is 10 a factor of 2141724?
False
Does 12 divide 115563?
False
Is 304 a factor of 1079808?
True
Is 47 a factor of 8585641?
False
Does 47 divide 300286?
False
Does 13 divide 38181396?
False
Does 337 divide 4234509?
False
Is 1198750 a multiple of 35?
True
Does 214 divide 7258934?
False
Is 616515 a multiple of 345?
True
Does 97 divide 4051000?
False
Does 166 divide 4424790?
False
Does 4 divide 326507?
False
Is 95192 a multipl